ase 9, what is 71401355 - 1?
71401354
In base 11, what is -55 - -538647?
5385a2
In base 11, what is 3 + -72593557?
-72593554
In base 10, what is -44 - 543453?
-543497
In base 10, what is 227 + 435264?
435491
In base 10, what is 2 + -20739150?
-20739148
In base 14, what is -504 - 50660?
-50b64
In base 14, what is -3c + 39043?
39005
In base 3, what is 2001200112 + -20110?
2001110002
In base 15, what is -5d - 842b9?
-84327
In base 8, what is -20 - 164473526?
-164473546
In base 13, what is -c2449c1 + 2?
-c2449bc
In base 12, what is -49123601 - 4?
-49123605
In base 13, what is 2b87 - a93?
20c4
In base 15, what is 62 - -5036?
5098
In base 11, what is -2 + 6091a52?
6091a50
In base 13, what is 239b2c + -35?
239ac7
In base 6, what is 111050310 + 122?
111050432
In base 14, what is -1a - -130366?
13034a
In base 4, what is -11 - 1301301233333?
-1301301300010
In base 8, what is -27 - -120171517?
120171470
In base 2, what is -101101001101101110010101010 - 100?
-101101001101101110010101110
In base 8, what is 11 + 12222525?
12222536
In base 12, what is 4b8747 + -1?
4b8746
In base 9, what is -3441117 + 6?
-3441111
In base 15, what is d927c - -21?
d929d
In base 16, what is -ebf - -fe?
-dc1
In base 13, what is -945 + 18ac?
c67
In base 5, what is 1100212003 + -230?
1100211223
In base 10, what is -8529 + -9806?
-18335
In base 10, what is 1637254 + 79?
1637333
In base 5, what is -1244024023 - -12?
-1244024011
In base 6, what is 13241414 + 12545?
13254403
In base 6, what is -12115 - -4325?
-3350
In base 11, what is 12704 + -1041?
11673
In base 15, what is -cadb1 + -1?
-cadb2
In base 15, what is 1 + -8e1a75d?
-8e1a75c
In base 12, what is -16672 - 3b2?
-16a64
In base 11, what is 88 + 38842?
3891a
In base 15, what is -1e99d - -1d?
-1e980
In base 4, what is -1 - -12013331323?
12013331322
In base 12, what is -1b400 + 1b8?
-1b204
In base 14, what is -32c0 - -45c5?
1305
In base 3, what is -11011201 + -1100101?
-12112002
In base 14, what is -29dcb - 1d6?
-2a1c3
In base 7, what is 21500205 - 2?
21500203
In base 4, what is 112213 - -300320?
1013133
In base 5, what is 13200 - -13323?
32023
In base 16, what is -182695 + -fc?
-182791
In base 2, what is -10101000 - -1110111000000001000?
1110110111101100000
In base 13, what is -c5bc - -4?
-c5b8
In base 2, what is 1111001001110 + 11111011?
1111101001001
In base 6, what is 21105024552 - -4?
21105025000
In base 5, what is 1111304241442 - -10?
1111304242002
In base 12, what is -5 - 50981a?
-509823
In base 7, what is 16013622660 + 0?
16013622660
In base 13, what is -b + 18b783a?
18b782c
In base 8, what is -2520670 + 27?
-2520641
In base 16, what is 4 + b87bd?
b87c1
In base 6, what is -425314 - 5011?
-434325
In base 16, what is -d24 - -1613?
8ef
In base 14, what is 420ab04 - -2?
420ab06
In base 14, what is -28d6d77a + -5?
-28d6d781
In base 13, what is 0 + 34bb19?
34bb19
In base 7, what is -24054 - -21641?
-2113
In base 9, what is 1 - 107142210?
-107142208
In base 14, what is 1a + -116310?
-1162d4
In base 14, what is -a6ab - -36b?
-a340
In base 10, what is 7570 + 399?
7969
In base 2, what is -10111 + -11001100111110101101?
-11001100111111000100
In base 5, what is -221403 - 2010?
-223413
In base 2, what is 101001101100011000110 - -10111111?
101001101100110000101
In base 3, what is -22101102100010 - -101?
-22101102022202
In base 16, what is 145de5 - 2e?
145db7
In base 2, what is 1101110010000111 - 11001?
1101110001101110
In base 8, what is -5617 + -1146?
-6765
In base 5, what is -433 + 1214041?
1213103
In base 11, what is 37a9620 - -49?
37a9669
In base 15, what is -12ce3 + e6?
-12bec
In base 2, what is -10000010010010101 + -11001011011110?
-10011011101110011
In base 9, what is 666 - -101540?
102316
In base 6, what is -15 - -52124203?
52124144
In base 7, what is -514 + 40104?
36260
In base 3, what is 102110 - 10210220011?
-10210110201
In base 16, what is 3 + 1a9a1?
1a9a4
In base 15, what is 1c0cec6 - -2?
1c0cec8
In base 13, what is -220 - -168380?
168160
In base 2, what is 10011001010000111 - -1000110100?
10011010010111011
In base 9, what is 20117438 - -45?
20117484
In base 2, what is -100011110100111 - 1110010110?
-100101100111101
In base 15, what is -4 - 1e64b87?
-1e64b8b
In base 13, what is 63105c6 - -8?
6310601
In base 6, what is 0 - -11522530302?
11522530302
In base 11, what is -5 - 2066814?
-2066819
In base 9, what is 37 + 61674?
61722
In base 5, what is 1 + -2131331444?
-2131331443
In base 11, what is a1 + -1035530?
-103543a
In base 12, what is b22b5926 - -2?
b22b5928
In base 10, what is 27 + -3209992?
-3209965
In base 15, what is 3 + -c53134?
-c53131
In base 2, what is 1101010010110100111 - -100011?
1101010010111001010
In base 6, what is -25201244 + -24?
-25201312
In base 7, what is -1 + 201160555?
201160554
In base 4, what is -21331013 - -13030?
-21311323
In base 16, what is -6e1d + -1f95?
-8db2
In base 5, what is 1321433 + 3411?
1330344
In base 12, what is 104 + 57618b?
576293
In base 15, what is -179 - 9ce40?
-9d0b9
In base 15, what is -3 - 165a138?
-165a13b
In base 9, what is 36758 + -32754?
4004
In base 11, what is -a13a997 + 4?
-a13a993
In base 3, what is -2112122211202110 - 12?
-2112122211202122
In base 13, what is 573ca9ac + 0?
573ca9ac
In base 9, what is -3600 + -1478?
-5178
In base 13, what is a8 - -196a74?
196b4c
In base 9, what is 466 - -1116321?
1116787
In base 11, what is 6 - -86a419?
86a424
In base 2, what is -110110101001001000110010 - -1001?
-110110101001001000101001
In base 2, what is -11 + 1110111101000001010000?
1110111101000001001101
In base 5, what is 2 + -33331402240?
-33331402233
In base 12, what is -5b311 - -127?
-5b1a6
In base 6, what is -3 - -23133150?
23133143
In base 15, what is 8 + -2e1150?
-2e1147
In base 14, what is 57d45 - -123?
58068
In base 14, what is 4 + -136a53d2?
-136a53cc
In base 11, what is 202357 - -7?
202363
In base 2, what is -1011 + -111110001110100111100110?
-111110001110100111110001
In base 16, what is -2c8096d7 + 1?
-2c8096d6
In base 10, what is 29 - 1311103?
-1311074
In base 14, what is 1461c + 14ac?
15aca
In base 16, what is -63 - 4748?
-47ab
In base 3, what is -2 + 1121112222221?
1121112222212
In base 12, what is -2 + -7bb992?
-7bb994
In base 11, what is -3a41244 - 91?
-3a41325
In base 12, what is -5bb0 - -67?
-5b45
In base 3, what is -12 + -1222200210221?
-1222200211010
In base 6, what is -12121 + -54344?
-110505
In base 12, what is 9b42 + -704?
943a
In base 11, what is 196172911 + 0?
196172911
In base 9, what is 584055 - 305?
583650
In base 10, what is 27444 + 438?
27882
In base 2, what is -100001001001 - -11001110001010?
10101101000001
In base 4, what is 1333031313 + -311?
1333031002
In base 13, what is 3 + -ab2155b?
-ab21558
In base 14, what is 1c1 - c851d?
-c833c
In base 7, what is -224055406 + -2?
-224055411
In base 2, what is 10010101110001110001001000 - 100?
10010101110001110001000100
In base 16, what is d41 + 15c5?
2306
In base 10, what is 2992 - -3814?
6806
In base 10, what is -21 - -19321?
19300
In base 2, what is 110101100110110101101010011101 + -11?
110101100110110101101010011010
In base 9, what is 43 + 1648422?
1648465
In base 12, what is -13 + 190517?
190504
In base 13, what is 46c + -6790?
-6321
In base 14, what is -6129076 - -2?
-6129074
In base 11, what is -17 - -a485397?
a485380
In base 15, what is -15e1 + 182b3?
16bc2
In base 5, what is -43 + -242101?
-242144
In base 13, what is -5 - -1a2337c?
1a23377
In base 15, what is 27ce + 6374?
8b53
In base 4, what is -1123303 - -101100233?
33310330
In base 12, what is -3 + 301bb40?
301bb39
In base 3, what is -2000002121120222 + 1?
-2000002121120221
In base 2, what is -1110001110101111011 - -111001000?
-1110001101110110011
In base 13, what is -229 + 22c0?
2094
In base 6, what is 5252425 + 151?
5253020
In base 2, what is -111011000011001001100 - 111?
-111011000011001010011
In base 13, what is 1c69533 - 0?
1c69533
In base 2, what is -101100011011111010 - -11001011?
-101100011000101111
In base 8, what is 1 + 146667102?
146667103
In base 3, what is 211100022121 + -2220?
211100012201
In base 15, what is -d8c35 + -77?
-d8cac
In base 14, what is 34b + 43a?
787
In base 6, what is 4 + 441221350?
441221354
In base 9, what is -72821 - -1243?
-71567
In base 14, what is -c6495b + 3?
-c64958
In base 7, what is -112003 + 443?
-111230